ppose -5*h = -2*t + 108, -4*t + 203 = j*h + 47. Suppose 0*q = -4*q + t. What are the prime factors of q?
11
Let m(o) = o**3 - 8*o**2 + 7*o + 2. Let a be m(7). Suppose -8 - 2 = -a*i. Suppose i*j - 49 = -14. List the prime factors of j.
7
List the prime factors of 81*((-2)/(-2) + 0 + 0).
3
Let a = 41 + -32. What are the prime factors of a?
3
Let y be -2*(-1 + 3/6). Suppose 0 = 3*i + 4*o + o + y, i - 5*o = 13. Suppose -b + 8 = i*b. What are the prime factors of b?
2
Let f(c) = -4*c + 1. What are the prime factors of f(-7)?
29
Let v = 4 + -2. Suppose 11 + 1 = v*b. Suppose o + 15 = b*o. List the prime factors of o.
3
Let o = -86 + 226. What are the prime factors of o?
2, 5, 7
Suppose 5*c - 4*h = -3*h - 37, -5*c + 4*h = 28. Let n(r) = -r - 3. List the prime factors of n(c).
5
Let f(p) be the third derivative of -2*p**2 - 1/6*p**3 + 1/120*p**6 - 1/15*p**5 + 0*p - 1/8*p**4 + 0. What are the prime factors of f(5)?
3
Suppose -j = -3*x - 145, 3*x = -0*j - 2*j + 281. What are the prime factors of j?
2, 71
Let r be (19/(-2))/((-2)/4). Let o = r + 14. Suppose 2*k + 3*t = 34, 3*k - 5*t - 37 = o. List the prime factors of k.
2, 5
Let m = -24 + 12. Let u be 5*m/15*-1. Suppose -u*d + 11 + 1 = 0. What are the prime factors of d?
3
Let k = -1 + 1. Suppose k = 2*n - 28 - 10. What are the prime factors of n?
19
Let m(r) = -r**2 - 8*r - 4. Suppose 2*z = -5*b + z - 28, 0 = b + 3*z. Let g be m(b). Let x = 14 - g. List the prime factors of x.
2, 3
What are the prime factors of (-1 - -28)*(6 - 5)?
3
Suppose 0 = h, 4*h = -2*f - 0*f + 88. What are the prime factors of f?
2, 11
Suppose -s + 49 = -7. Let v = 82 - s. What are the prime factors of v?
2, 13
Let a = 7 + -7. Suppose -3*y + 15 - 6 = a. List the prime factors of y.
3
Suppose -3*y + 5 = -1. Suppose -2*w + 4 = 0, 3*m = -y*w + 17 - 4. Suppose 0 = m*c + 3*b - 15, -3*c - 3*b + 10 = -c. What are the prime factors of c?
5
Let a(t) be the first derivative of -t**4/4 - 2*t**3/3 - t**2 + t - 2. Let i = -9 + 7. List the prime factors of a(i).
5
Suppose 2*m = 5*a + 32, 0*a = 5*a + 20. Let t(z) = 7*z - 12. What are the prime factors of t(m)?
2, 3, 5
Let k(a) = 2*a**3 + a**2 + 2*a + 4. Let w(v) = -3*v**3 - v**2 - 3*v - 6. Let r(b) = -7*k(b) - 5*w(b). What are the prime factors of r(2)?
2
Suppose -202 + 62 = -5*k. What are the prime factors of k?
2, 7
Let y(n) = n**3 - 5*n**2 - 5*n. Let d be y(6). Suppose -5*w = d - 76. List the prime factors of w.
2, 7
Let l = 204 + -123. List the prime factors of l.
3
Let v(l) = -30*l + 5. Let s be v(-6). Suppose 177 = 3*m - 3*i, -4*i = 3*m + i - s. Suppose g = 4*g - m. What are the prime factors of g?
2, 5
Let n(x) = -x**3 - 5*x**2 + 3*x + 3. Let p be n(-6). Suppose -44 = -2*f - 3*j, -2*f + p = -j - 7. Let c = f - 3. What are the prime factors of c?
13
Suppose 4*o = -u + 13, 2*o - 2*u = -u + 11. Let j be 1 + 2*(-1 - -38). Suppose o*x - j = -11. What are the prime factors of x?
2
Let b be -3*(2 - (-12)/(-9)). Let f be 21 + 3/6*b. Suppose w - 3*w = -f. What are the prime factors of w?
2, 5
Let u = -4 - -1. Suppose 4*j - 30 = j. Let b = j + u. List the prime factors of b.
7
List the prime factors of (4 + -5)*-7 - 3*1.
2
Suppose 3*v + 3 = 0, 0 = -g - 3*g + 4*v + 4. List the prime factors of 24/2 + (-2 - g).
2, 5
Let n(p) = -p**2 - 3*p + 2. Suppose 0 = 2*s + 4*j + 14, 0 = 4*s - 9*s + 4*j - 7. List the prime factors of n(s).
2
Let t = 14 - 8. Let w(g) = -g**2 + 4*g + 8. Let a be w(t). List the prime factors of 3 - (-3 - (-1 - a)).
3
Suppose h + 4*i = 0, 4*i - 4 = -0*h - 2*h. Suppose z = 5*d - h, d = -3*d + 8. List the prime factors of z.
2, 3
Suppose -26 = -c - 11. Suppose -c = -5*j + 5*l, 0*j = 2*j + 4*l - 6. List the prime factors of j.
3
Suppose -5*w + 8 + 4 = p, 0 = -5*p + 3*w + 88. Let j = p - 12. List the prime factors of j.
5
Let d(f) = f**3 - 4*f**2 - 3*f + 5. Suppose 5*l + 5*c = 10, -2*l + 7*l = 3*c + 34. What are the prime factors of d(l)?
3, 5
Suppose 4*w - 1005 - 267 = 0. What are the prime factors of w?
2, 3, 53
What are the prime factors of (-315)/18*(-32)/10?
2, 7
Suppose 8*l - 76 = 4*l. What are the prime factors of l?
19
Let t(n) = 2*n + 14. What are the prime factors of t(6)?
2, 13
Suppose 2*d - 2 = -0*d. Let m be d/(-3) - (-64)/12. Suppose 21 = m*q + 1. What are the prime factors of q?
2
Suppose -2*k + 3*f = 15, 0*f - f = -3. What are the prime factors of (14 + 1 + k)/1?
2, 3
Let b = 5 + -3. List the prime factors of ((b - -1)*1)/1.
3
Suppose 5*x + 140 = 5*i - 0*x, -i = -4*x - 43. List the prime factors of i.
23
Suppose -3*r + 36 = 5*v, r + 3*r = -2*v + 48. List the prime factors of r.
2, 3
Suppose 4*z + a - 369 = 0, -3*z + 36 = -5*a - 212. List the prime factors of z.
7, 13
Suppose s - 20 = -3*s. Suppose 20 = 4*x, x + 4*x - 70 = -s*t. What are the prime factors of t?
3
Suppose -2*q + u + 3 = 0, 0*q + 5*u = 4*q - 15. Suppose -v + 6*v - 60 = q. What are the prime factors of v?
2, 3
Let t(l) = -16*l - 58. What are the prime factors of t(-25)?
2, 3, 19
Let m be 4/(-10) + 40/(-25). Let s be 6/m*-1 - 3. Suppose g + 7 - 2 = s, -4*h + 5*g = -97. List the prime factors of h.
2, 3
Let n(x) = -x - 1. Let i be n(-3). Suppose i*q = -q + 6. List the prime factors of (20/12)/(q/6).
5
Let z be 11*(0 - -1)/1. Let a = z + -1. List the prime factors of a.
2, 5
Suppose 2*h + 4*i - 22 = 0, 73 = 5*h - 2*i - 6. What are the prime factors of h?
3, 5
Let d(q) = q + 11. Let z be d(-9). Suppose -2*g = -6*g. Suppose g = -z*k - k + 39. What are the prime factors of k?
13
Let l(k) = 2*k - 8. Let a be l(11). Suppose 2*t = t + a. List the prime factors of t.
2, 7
Let s = 1 - -5. Let b(k) = k**3 - 7*k**2 + 9*k - 6. What are the prime factors of b(s)?
2, 3
Let q(z) = z**2 - 13*z + 15 + 4*z - 3*z. Let a be q(10). Let t(j) = -j - 2. What are the prime factors of t(a)?
3
Let d(i) be the third derivative of -i**4/12 - 4*i**3/3 + i**2. Let l = 1 - 10. What are the prime factors of d(l)?
2, 5
Suppose t - 3*t = -156. What are the prime factors of t?
2, 3, 13
Suppose -3*r = -2*f - 756, -4*f = 5*r - 252 - 1030. What are the prime factors of r?
2, 127
Let d = 92 - -23. What are the prime factors of d?
5, 23
Suppose -4*t + 300 + 1048 = 0. What are the prime factors of t?
337
Suppose 4*f + 312 = 4*v, 4*v + 121 = 3*f + 430. List the prime factors of v.
3, 5
Suppose 116 = b + 3*n, -5*n + 232 + 388 = 5*b. What are the prime factors of b?
2
Let g(z) = -7*z**3 - 16*z**2 - 23*z - 10. Let n(m) = 4*m**3 + 8*m**2 + 12*m + 5. Let k(o) = 3*g(o) + 5*n(o). What are the prime factors of k(-7)?
3
Suppose 0 = 4*h + 4*x - 4, x = -x + 2. Let d(s) be the third derivative of s**6/120 + s**5/60 + s**4/24 + 2*s**3/3 - s**2. List the prime factors of d(h).
2
Let x be 2/5 - 4/10. Suppose x = -3*o + o + 4*f + 50, -3*o = f - 40. List the prime factors of o.
3, 5
Let i(g) = -g**2 + g + 3. Let a be i(-3). Let r = -6 - a. Suppose 0 = -r*y - 3 + 24. What are the prime factors of y?
7
Let n(m) = 4*m**2 - 3*m - 7. What are the prime factors of n(-6)?
5, 31
Let y be 5/(-4) - (-2)/8. Let p(h) = -h**2 + h + 1. Let r(u) = -7*u**2 + 2*u + 1. Let o(i) = y*r(i) + 6*p(i). What are the prime factors of o(-4)?
5
Suppose 26 = 4*i + 10. Suppose -i*k = -k. Suppose k = -2*n + n + 2. What are the prime factors of n?
2
Let z = -7 - -12. Let i = z + 0. Suppose -q - 5 = -t + 2*q, 4*t = -i*q + 3. What are the prime factors of t?
2
What are the prime factors of (-409)/(-7) - (-3)/(-7)?
2, 29
Let p(x) = -x + 13. Let b be p(-11). Let t = 39 - b. List the prime factors of t.
3, 5
Suppose g = 2*g. List the prime factors of 19 + g/(1/(-1)).
19
Let j(r) = 30*r**2 - 5*r. List the prime factors of j(2).
2, 5, 11
Let w(h) = -h**3 + 3*h**2 + 3*h. Let y be 2/6 - 63/27. List the prime factors of w(y).
2, 7
Let d(o) = o**3 - 7*o**2 + 7*o + 4. Let r = -5 - -11. List the prime factors of d(r).
2, 5
Let o(k) = -k**2 + 5*k + 8. Let h(n) = 2*n**2 - 9*n - 16. Let y(d) = -2*h(d) - 5*o(d). Let v be y(8). Suppose 10 = c - v*c. What are the prime factors of c?
2, 5
Suppose 3*d = k - 246, 4*d - 176 = k - 505. Let u = -43 - d. Suppose -2*i = 2*i - u. List the prime factors of i.
2, 5
Let v(h) = -36*h - 48. List the prime factors of v(-7).
2, 3, 17
Let m(v) = 19*v - 2. What are the prime factors of m(4)?
2, 37
Let k(b) be the first derivative of -17*b**4/2 + b - 4. What are the prime factors of 